5 - 7449. What is the remainder when 299 is divided by v?
71
Let p be (-2)/3*(-654)/(-4). Let r = p + 115. Let m(g) = 22*g. What is the remainder when m(1) is divided by r?
4
Suppose 4*k + 3*i = 20, -5*i = -0*i - 20. Calculate the remainder when (19/k)/(14/28) is divided by 15 - (-3)/(12/(-16)).
8
Let a(b) = 2*b**3 - 4*b**2. Let s = -4 - -8. Suppose -8 = s*v - 24. Calculate the remainder when a(v) is divided by 13.
12
Let u(r) = 2*r**2 + 6*r + 2. Suppose -258*q - 104 = -266*q. What is the remainder when u(-5) is divided by q?
9
Suppose 0 = r + 2*t - 14, -4*t + 26 = r + t. Let w(y) = 2*y**2 - 4*y. Let d = -12 - -16. Calculate the remainder when w(d) is divided by r.
4
Suppose -1 = -u + 3. Suppose d - 60 = -5*x, -u*d - 5*x + 56 + 229 = 0. Let l = -33 + d. Calculate the remainder when l is divided by 22.
20
Suppose -b - 1 = 3*b + 5*j, 5*j = -2*b - 13. Suppose b*l - 6 = 3*l. What is the remainder when 15 is divided by -4*(l/4 - 2)?
3
Let a(i) = -13*i + 4. Let d be a(-2). Let s = 24 - d. What is the remainder when 6 is divided by s/4*(-4)/3?
0
Let v = 46 + -43. Suppose v*r = 2*u - 4*u + 37, 2*u - 67 = 3*r. What is the remainder when u is divided by 16?
10
Let t = 963 - 868. Calculate the remainder when 566 is divided by t.
91
Suppose 32*g - 74 = 54. Suppose -z = m - 4, 4*z + 2 = 2*m - 18. Calculate the remainder when m is divided by g.
2
Let z be (22/(-4))/(((-28)/(-48))/7). Let i = -46 - z. What is the remainder when 157 is divided by i?
17
Let f(i) be the first derivative of i**2/2 + 4*i + 8. Calculate the remainder when f(11) is divided by 6.
3
Suppose 6*a = 2*a + 52. Let p = -858 + 920. Calculate the remainder when p is divided by a.
10
Calculate the remainder when 516/301*3/(3/28) is divided by 13.
9
Suppose 5*c + 4*g = -11, 4 = -g - 0*g. Let u(x) = 22*x**3 + x**2 + x - 2. Calculate the remainder when u(c) is divided by 12.
10
Suppose -5*r - 5*t = -1150, -2*t + 226 = 42*r - 41*r. Calculate the remainder when r is divided by 94.
46
Suppose 0 = 3*q + 379 - 568. What is the remainder when q is divided by 14?
7
Suppose -26*d + 53*d = 4482. Calculate the remainder when d is divided by 21.
19
Let a = 30 + -26. Let k(g) = g**3 - 3*g**2 - 4*g + 7. Calculate the remainder when k(a) is divided by 4.
3
Let o = -944 + 948. What is the remainder when 7 is divided by o?
3
Suppose 5*t - 148 = -18. What is the remainder when 47 is divided by t?
21
Suppose 0 = -15*t - 1337 + 1547. Let b(o) = -9*o**3 - 2*o**2. What is the remainder when b(-2) is divided by t?
8
Let x be (-4)/4 - (-78 - 0). Let g = x + -66. What is the remainder when 29 is divided by g?
7
Calculate the remainder when -315*((-37)/5 + (-71 - -78)) is divided by 60.
6
Let m(a) = -4*a**2 + 0*a**3 + 8 + 1 - 15*a + a**3 + 10*a**2. Calculate the remainder when m(-7) is divided by 33.
32
What is the remainder when 3/18 - 7540/(-120) is divided by 11?
8
Let m(n) = 2*n**2 - 10*n + 13. Let q be m(5). Suppose -4*t + 21 = -2*o - q, -1 = -t - o. Calculate the remainder when 21 is divided by t.
3
Let d = -22 - -37. Calculate the remainder when (-8 - -11)*511/21 is divided by d.
13
Let d(t) = -t**2 - 2*t + 11. Let p be d(-5). Let r(i) = -4*i - 4. What is the remainder when 23 is divided by r(p)?
11
Let d be -1 + 3 - (-27 + 0/2). Suppose -g - d = -2*c, g - 13 + 6 = -c. What is the remainder when 42 is divided by c?
6
Let n = 39 + -37. Suppose -3*v + 2*z = 0, -5*v - n*z = 3*z. Suppose v = 5*u - 2*u - 30. What is the remainder when 47 is divided by u?
7
Let m = -350 + 356. What is the remainder when 16 is divided by m?
4
Let y(z) = z + 3. Let j be y(-11). Let v = 25 - j. What is the remainder when v/12*32*1 is divided by 30?
28
Suppose -9*b + 41 = -40. What is the remainder when 35 is divided by b?
8
Let i be (-2)/2 - 1*39. Let d = i - -99. Suppose -3*b = t - d, t - 90 + 11 = -4*b. Calculate the remainder when 37 is divided by b.
17
Let a(d) = -d**3 - 8*d**2. Let h be a(-8). Suppose 4*l + 4*v = 104, h = l - 2*l + 2*v + 32. Let g = -27 + 42. What is the remainder when l is divided by g?
13
Let g(n) = 2*n + 1. Let s(w) = 2*w. Let f(l) = -5*g(l) + 4*s(l). Let c be f(-6). Let m = c + 15. What is the remainder when 65 is divided by m?
21
Let b = -10 + 5. Let h = 8 + b. Suppose h*i - 29 = 46. What is the remainder when 74 is divided by i?
24
Let t(j) = 3*j**2 + 3*j + 17. Calculate the remainder when t(5) is divided by 9.
8
Let f = 11 + -9. Let i(x) = x**2 - 6*x - 3. Let v be i(7). What is the remainder when f is divided by 0 + v - 6/3?
0
Suppose -z + 2*z = 0, -4 = 2*v - 2*z. What is the remainder when (v/(-5))/(16/560) is divided by 2?
0
Suppose -45*y + 8 = -41*y. Suppose -y*u - a = 3*u - 261, 2*u - 122 = 4*a. Calculate the remainder when u is divided by 18.
17
Let y(t) = -3*t - 26. Let h be y(-5). What is the remainder when 2/h + (-1605)/(-55) is divided by 15?
14
Suppose -2*f = -i - 112, 0*f + 4*f = -i + 212. Suppose 0 = 4*n - 370 + f. Calculate the remainder when n is divided by 20.
19
Suppose 0 = -4*c - 116 + 232. Calculate the remainder when c is divided by 5.
4
Let h(r) = -18*r - 7. Let o = 8 - 9. What is the remainder when 42 is divided by h(o)?
9
Let q(t) = t**2 + 14*t + 66. Suppose -3*h - h = -72. What is the remainder when q(-11) is divided by h?
15
Let u(h) = -12*h - 4. What is the remainder when u(-5) is divided by 3/(-5) - (-296)/10?
27
Let g be 0 - (-25)/(-1) - 3. Let l = g + 31. Suppose f = 2*f - l. Calculate the remainder when 12 is divided by f.
0
Suppose 295*r = 299*r - 80. Let q = 6 - 7. Calculate the remainder when (-3 - q) + 3 - -36 is divided by r.
17
Suppose 3*x + 90 = 135. What is the remainder when 584 is divided by x?
14
Suppose -p + 47 = -3*d, -93 = -7*p + 4*p - 3*d. Let q = -2 + 14. What is the remainder when p is divided by q?
11
Let v be 3/(2*(-3)/6)*-1. What is the remainder when 17 is divided by (2/2 - -4) + (v - 3)?
2
Suppose 14*z = 3*z + 308. Calculate the remainder when 250 is divided by z.
26
Suppose f - 5*q = 43, f + 64 = 4*f - 2*q. Let j = 10 + 42. Calculate the remainder when j is divided by f.
16
Suppose -4*c + 36 = -c. Suppose -2*y - 45 = 3*y. Let x(v) = -v**3 - 10*v**2 - 13*v - 13. What is the remainder when x(y) is divided by c?
11
Suppose -3*o - 2*n + 198 = 0, 5*o - 6*o + 66 = -n. What is the remainder when o is divided by (-172)/(-10) - 3/15?
15
Let o = 834 - 595. Calculate the remainder when o is divided by 22.
19
Suppose 2*j = 4*j - 10. Suppose -h = -4*h. Suppose -j*p = -h*p - 20. Calculate the remainder when p is divided by 2.
0
Suppose -224*v = -205*v - 1349. What is the remainder when 222 is divided by v?
9
Let q = -54 + 37. Calculate the remainder when 50 is divided by (2 - 1)*q/((-1)/1).
16
Suppose 4*g - 13 = 7. Suppose -g*c = -q + 69, 0*q - 4*c = q - 51. Suppose 0 = -6*h + 67 + q. What is the remainder when h is divided by 12?
9
Let p(u) be the second derivative of u**4/2 - u**3/2 - 11*u**2/2 - 23*u. What is the remainder when p(-3) is divided by (-36)/(-4)*(-2)/(-1)?
16
Let x be -7 + 13 + (2 - 3). Let z(k) = -3*k + 21. What is the remainder when 4/(-10) + (-102)/(-5) is divided by z(x)?
2
Suppose -2*l - m - 4*m - 5 = 0, -2 = l + 3*m. Let d = 17 + l. Let r(q) = 11*q**2 + 2. What is the remainder when r(-2) is divided by d?
10
Suppose 0 = 3*u - 28 - 8. Suppose -5*t + 0*t = -15. Suppose 0 = 2*h + t*h - 105. What is the remainder when h is divided by u?
9
Let u(w) be the second derivative of -2*w**3/3 + 31*w**2/2 + 28*w. Calculate the remainder when u(0) is divided by 11.
9
Suppose 0 = 5*m + 3*d - 678, -d - 8 = -2*m + 272. Calculate the remainder when m is divided by 70.
68
Calculate the remainder when 74 is divided by (-18)/(-21) - 10397/(-259).
33
Let h = -10 + 22. Suppose -3*n = -2*q + 195, 267 = 4*q + 5*n - 68. Suppose -5*c = -3*c - q. Calculate the remainder when c is divided by h.
9
Let y(q) be the third derivative of q**5/60 - 7*q**4/24 + q**3/6 - 6*q**2. Let n be y(7). What is the remainder when 5 is divided by n + -3 + (6 - 1)?
2
Suppose 0 = -3*a + 2*s - 8, -a + 5*s - 15 = 5. Suppose 5*c + 20 = a, 3*v + 2*c - 12 = -v. Suppose v*k - 3*k = 98. What is the remainder when k is divided by 17?
15
Let h(n) = -n + 174. What is the remainder when h(-5) is divided by 44?
3
Suppose -100 = -2*q - 2*u, -4*u - 250 = 5*q - 10*q. What is the remainder when 1598 is divided 